r when 15040 is divided by 7456?
128
Calculate the remainder when 38816 is divided by 2283.
5
What is the remainder when 249514 is divided by 29?
27
What is the remainder when 31981 is divided by 19?
4
What is the remainder when 245044 is divided by 2475?
19
Calculate the remainder when 134758 is divided by 29.
24
Calculate the remainder when 3462 is divided by 391.
334
What is the remainder when 710 is divided by 78?
8
Calculate the remainder when 119033 is divided by 51.
50
Calculate the remainder when 432080 is divided by 30862.
12
Calculate the remainder when 57492 is divided by 6366.
198
Calculate the remainder when 62157 is divided by 35.
32
What is the remainder when 253 is divided by 35?
8
What is the remainder when 77096 is divided by 163?
160
Calculate the remainder when 23925 is divided by 176.
165
Calculate the remainder when 431 is divided by 28.
11
What is the remainder when 1746 is divided by 454?
384
Calculate the remainder when 4510 is divided by 13.
12
What is the remainder when 114948 is divided by 38312?
12
Calculate the remainder when 192853 is divided by 74.
9
Calculate the remainder when 6976 is divided by 428.
128
What is the remainder when 3346 is divided by 786?
202
What is the remainder when 23356 is divided by 320?
316
What is the remainder when 3085 is divided by 533?
420
Calculate the remainder when 19040 is divided by 6339.
23
What is the remainder when 104174 is divided by 97?
93
Calculate the remainder when 6808 is divided by 2559.
1690
What is the remainder when 60226 is divided by 113?
110
Calculate the remainder when 2314088 is divided by 564.
560
What is the remainder when 1653 is divided by 880?
773
Calculate the remainder when 2559 is divided by 1225.
109
What is the remainder when 56885 is divided by 120?
5
Calculate the remainder when 114069 is divided by 11.
10
Calculate the remainder when 30568 is divided by 27.
4
Calculate the remainder when 56779 is divided by 14189.
23
What is the remainder when 127499 is divided by 1214?
29
What is the remainder when 104175 is divided by 15?
0
Calculate the remainder when 6547 is divided by 25.
22
Calculate the remainder when 242455 is divided by 132.
103
What is the remainder when 694075 is divided by 31?
16
What is the remainder when 55870 is divided by 288?
286
What is the remainder when 781356 is divided by 127?
52
What is the remainder when 184547 is divided by 20504?
11
What is the remainder when 181505 is divided by 17?
13
Calculate the remainder when 13000 is divided by 1435.
85
What is the remainder when 9207 is divided by 144?
135
What is the remainder when 194409 is divided by 24?
9
Calculate the remainder when 1455 is divided by 1331.
124
What is the remainder when 59314 is divided by 168?
10
Calculate the remainder when 33678 is divided by 16835.
8
Calculate the remainder when 1084 is divided by 23.
3
What is the remainder when 4698 is divided by 668?
22
Calculate the remainder when 2833 is divided by 53.
24
What is the remainder when 8585 is divided by 21?
17
Calculate the remainder when 5176 is divided by 730.
66
What is the remainder when 5631 is divided by 2495?
641
What is the remainder when 68527 is divided by 95?
32
What is the remainder when 36831 is divided by 109?
98
What is the remainder when 518 is divided by 236?
46
What is the remainder when 454782 is divided by 90956?
2
Calculate the remainder when 48246 is divided by 51.
0
Calculate the remainder when 1406 is divided by 1308.
98
Calculate the remainder when 760 is divided by 78.
58
What is the remainder when 39737 is divided by 414?
407
What is the remainder when 3698 is divided by 537?
476
What is the remainder when 22992 is divided by 11494?
4
What is the remainder when 347308 is divided by 125?
58
Calculate the remainder when 1301442 is divided by 203.
9
Calculate the remainder when 160371 is divided by 125.
121
What is the remainder when 9414 is divided by 83?
35
What is the remainder when 185842 is divided by 545?
542
Calculate the remainder when 2295 is divided by 89.
70
What is the remainder when 44249 is divided by 126?
23
What is the remainder when 2336 is divided by 10?
6
Calculate the remainder when 5280 is divided by 282.
204
What is the remainder when 10388 is divided by 2590?
28
What is the remainder when 159168 is divided by 79581?
6
Calculate the remainder when 3758 is divided by 121.
7
What is the remainder when 220388 is divided by 433?
424
What is the remainder when 6482 is divided by 6468?
14
What is the remainder when 3776 is divided by 691?
321
Calculate the remainder when 2234 is divided by 494.
258
What is the remainder when 4663 is divided by 535?
383
Calculate the remainder when 48907 is divided by 24449.
9
Calculate the remainder when 64370 is divided by 29.
19
Calculate the remainder when 28641 is divided by 39.
15
Calculate the remainder when 321259 is divided by 35.
29
Calculate the remainder when 19032 is divided by 6.
0
What is the remainder when 2465 is divided by 201?
53
Calculate the remainder when 1808 is divided by 81.
26
Calculate the remainder when 71939 is divided by 136.
131
Calculate the remainder when 11333 is divided by 11225.
108
What is the remainder when 12357 is divided by 22?
15
What is the remainder when 271782 is divided by 297?
27
What is the remainder when 61651 is divided by 20499?
154
Calculate the remainder when 10028 is divided by 455.
18
Calculate the remainder when 2198 is divided by 1991.
207
What is the remainder when 5245 is divided by 138?
1
Calculate the remainder when 11534 is divided by 961.
2
What is the remainder when 8507 is divided by 654?
5
Calculate the remainder when 2391 is divided by 328.
95
Calculate the remainder when 2062664 is divided by 1389.
1388
Calculate the remainder when 164173 is divided by 15.
13
What is the remainder when 388 is divided by 388?
0
What is the remainder when 9496 is divided by 1415?
1006
Calculate the remainder when 76186 is divided by 5078.
16
What is the remainder when 298816 is divided by 83?
16
What is the remainder when 76036 is divided by 23?
21
Calculate the remainder when 42254 is divided by 132.
14
Calculate the remainder when 446357 is divided by 108.
101
What is the remainder when 25292 is divided by 375?
167
Calculate the remainder when 11263 is divided by 2241.
58
What is the remainder when 21787 is divided by 12?
7
Calculate the remainder when 3608 is divided by 1196.
20
What is the remainder when 1050592 is divided by 1032?
16
What is the remainder when 1571 is divided by 530?
511
What is the remainder when 4094 is divided by 227?
8
Calculate the remainder when 314400 is divided by 300.
0
Calculate the remainder when 1139663 is divided by 22.
19
Calculate the remainder when 1440 is divided by 103.
101
What is the remainder when 152429 is divided by 5080?
29
Calculate the remainder when 957560 is divided by 223.
221
Calculate the remainder when 4860 is divided by 11.
9
What is the remainder when 4296 is divided by 50?
46
What is the remainder when 4439 is divided by 4307?
132
Calculate the remainder when 85628 is divided by 2951.
49
Calculate the remainder when 7123 is divided by 12.
7
What is the remainder when 9660 is divided by 302?
298
What is the remainder when 250051 is divided by 6580?
11
Calculate the remainder when 1012 is divided by 51.
43
Calculate the remainder when 198516 is divided by 20.
16
Calculate the remainder when 204594 is divided by 3354.
0
Calculate the remainder when 3090 is divided by 1496.
98
Calculate the remainder when 110345 is divided by 49.
46
Calculate the remainder when 2759 is divided by 1321.
117
What is the remainder when 70439 is divided by 23459?
62
What is the remainder when 1594181 is divided by 1973?
1970
Calculate the remainder when 3609 is divided by 3579.
30
Calculate the remainder when 36284 is divided by 84.
80
Calculate the remainder when 2739 is divided by 263.
109
What is the remainder when 155356 is divided by 62?
46
What is the remainder when 53095 is divided by 2405?
185
Calculate the remainder when 2833 is divided by 260.
233
What is the remainder when 3943 is divided by 30?
13
Calculate the remainder when 4031 is divided by 572.
27
Calculate the remainder when 6273 is divided by 522.
9
Calculate the remainder whe